?
2
Let x = 24 + 6. What is the greatest common factor of 15 and x?
15
Let m be (-8 + 1)/((-3)/((-75)/(-5))). Calculate the highest common factor of m and 35.
35
Suppose -4*v = -5*x - 0*x, -2*v = -2*x - 2. Suppose 0 = -v*c + y + 200, 0*y + 4*y = -4*c + 136. Calculate the greatest common factor of 13 and c.
13
Let i = -16 - 4. Let r be (-44)/i + 3/(-15). Suppose -4*q = 3*f - 40, -r*q = -3*f - 5*q + 36. What is the highest common factor of 8 and f?
8
Suppose -x - 4*f = -1, -f - 206 + 202 = -4*x. Let g = -1 + 5. Let h = g - 3. What is the greatest common divisor of x and h?
1
Suppose -4*b + 32 = -4*g, 3*b - g = -0*g + 34. Suppose -16*o = -b*o - 33. Calculate the greatest common divisor of 121 and o.
11
Let i = 148 + -20. Suppose -f - 4*d = 0, d = 3*f - 2*d - 60. Calculate the greatest common factor of f and i.
16
Let y = 90 + 229. Suppose -2 = 4*b - 5*b. Let j be b/(-11) + (-2247)/(-77). Calculate the greatest common divisor of y and j.
29
Let m = 1122 + -825. Suppose v - 30 = -3. What is the highest common factor of m and v?
27
Suppose -4*s + 5*x = -0*s + 20, 0 = -2*x + 8. Suppose 5*q + s*k - 5*k - 110 = 0, 0 = 3*q - 5*k - 74. What is the greatest common divisor of 2 and q?
2
Let x be 14392/32 - (-3)/12. Calculate the highest common factor of x and 18.
18
Let c = 3545 + -3479. Let m be 2/4 - (-55)/10. Calculate the highest common divisor of c and m.
6
Suppose -304*f + 312*f - 1672 = 0. Calculate the highest common divisor of 38 and f.
19
Let w = -399 - -419. Calculate the highest common divisor of w and 740.
20
Let i be 2/6 - (-116)/3. Let f = -3 + 16. What is the highest common divisor of f and i?
13
Let i be (12 - 8) + 8 + 5. What is the greatest common factor of 425 and i?
17
Let f = 366 + -121. What is the highest common factor of f and 35?
35
Suppose -39 = -x + 5*y, -5*x - 8*y = -5*y - 335. Calculate the greatest common factor of 56 and x.
8
Let k be (-1)/2 - (-138)/4. Let a be 136/6*(-900)/(-200). Calculate the highest common factor of a and k.
34
Suppose 10 = 4*d - 26. Suppose -4*j = -33 + d. Suppose -4*p - j*q + 107 = -q, 113 = 4*p - q. What is the greatest common factor of p and 42?
14
Let c(s) = -s**3 + 9*s**2 + 24*s - 18. Let x be c(11). Let g be 4 + 2 + 1 - -3. What is the greatest common divisor of x and g?
2
Let u = 47 - -2. Let f = 350 + -343. What is the highest common divisor of u and f?
7
Let t be 13328/170 - (-2)/(-5). Calculate the highest common divisor of 52 and t.
26
Suppose 313 - 316 = -3*u. Let b(x) = 2*x + 25. Let t be b(-12). Calculate the greatest common factor of u and t.
1
Let l(r) = r + 7. Let m be l(-7). Suppose j + 0*j - 18 = m. Suppose v - 170 = -3*b - v, b + v = 58. Calculate the highest common factor of j and b.
18
Let h(g) = 3*g**2 - 11*g - 32. Let t be h(6). Calculate the highest common divisor of 2 and t.
2
Let r = 52 - 104. Let v be (r/6)/((-16)/24). Let g = -7 + v. What is the highest common divisor of g and 15?
3
Let j be (-19)/(-57) + (-1 - (-848)/12). Calculate the highest common divisor of j and 42.
14
Let j(d) = d**3 + 9*d**2 + 6*d - 5. Let a be j(-7). Suppose -5*f + 12 = -4*i - 73, -i = -3*f + 51. Calculate the highest common divisor of a and f.
17
Let s(n) = 6*n + 24. Let t be s(-7). Let m = 22 + t. Suppose -15 = -u + m. Calculate the highest common factor of 95 and u.
19
Suppose -7*y = -297 - 389. Let f = 174 - y. Suppose 2*t + 2 = 40. What is the greatest common factor of f and t?
19
Suppose 25 = 20*z - 15*z, -z = -5*w + 1810. Calculate the greatest common divisor of w and 66.
33
Let f(n) = n**2 - 24*n + 32. Let c be f(10). Let z be (6/21)/(2 + c/56). Calculate the greatest common factor of 44 and z.
4
Suppose -484*x + 475*x + 23814 = 0. Calculate the highest common divisor of x and 98.
98
Suppose 0 = 5*d - 219 + 79. What is the highest common factor of 126 and d?
14
Suppose 195*g = 184*g + 1298. What is the highest common divisor of 767 and g?
59
Suppose 7*i - 455 = -8*i - 20*i. Suppose -2*d = -7*d + 585. Calculate the greatest common divisor of d and i.
13
Suppose -21 = m + 72. Let y = m - -180. What is the greatest common divisor of y and 29?
29
Let g = -3 - -17. Let u(o) = 8*o + 8. Let h be u(6). What is the greatest common divisor of g and h?
14
Let l be 39*5 - (-4 - 6)/5. Let r = l - -1. Calculate the greatest common factor of 22 and r.
22
Let y(b) = -2*b**2 - 26*b. Let x be y(-8). What is the greatest common divisor of x and 5?
5
Let x be 6/(-5)*170/(-51). Let k(l) = l**2 + 3. Let q be k(x). What is the highest common factor of q and 171?
19
Suppose 6 = -5*r - 4. Let a(i) = i**3 - i**2 + 4*i - 2. Let q be a(0). Let k be (r/1)/(1/q). Calculate the highest common factor of 32 and k.
4
Let p(m) be the first derivative of 5*m**4/4 - m**3/3 - m**2/2 - m - 3. Let i be p(2). What is the greatest common divisor of i and 11?
11
Let b be 5*(-21)/15*(-1608)/84. Calculate the highest common factor of b and 1139.
67
Let g be ((-12)/(-32))/((-6)/(-32)). What is the highest common divisor of 113 and g?
1
Suppose 0 = 14*a - 588 + 196. Calculate the greatest common divisor of a and 308.
28
Let n = 118 + -70. Let j = n - 0. What is the greatest common divisor of 6 and j?
6
Let a = -131 + 51. Let o = a - -161. Let j be -3 + 318/102 + 453/51. What is the highest common divisor of j and o?
9
Let o = 121 - 116. Suppose 0*v = 2*v - l - 40, -o*l = 2*v - 40. Calculate the greatest common factor of v and 8.
4
Suppose 0 = -5*c - 0 + 10. Let d(x) = x + 1. Let l be d(c). Let n be 15/((-3)/(-45)*l). Calculate the highest common factor of n and 50.
25
Let x(a) = -2*a**3 + 34*a**2 - 14*a + 60. Let h be x(15). What is the greatest common factor of h and 15?
15
Let j = -2 - -4. Let x be (-594)/15 + j/(-5). Let h be (-15)/(-2)*x/(-30). What is the greatest common divisor of h and 80?
10
Suppose -4*l = -8 - 28. Suppose 74*y = 106*y - 70*y + 114. Calculate the greatest common factor of l and y.
3
Let u(p) be the first derivative of p**4/4 + 2*p**3/3 + p**2 - 6*p + 7. Let n be u(3). What is the greatest common factor of 15 and n?
15
Let p(j) = 5*j - 16. Let t be (-30)/(-21)*21/6. Let f be p(t). Calculate the highest common factor of 36 and f.
9
Suppose 0 = s + 1, 0 = x - 5*x + 3*s + 11. Let p be 0 - -1 - (-2 - x). Let n be (-3)/15 - (-11)/p. Calculate the greatest common factor of 6 and n.
2
Suppose 8 = 4*s, -2*c + 2060 = 3*s + 6494. Let l = c + 3227. Let k be l/4 + 1/4. What is the highest common factor of k and 28?
28
Let q be (-9)/4 - 4/(-16). Let t be q + (-76)/(-4) + 0. Let m = t - 9. Calculate the highest common factor of 20 and m.
4
Suppose -a = -0*a + 1. Let o be (7 - 12)/(a*1). Let g(b) = -b - 1. Let u be g(-6). Calculate the greatest common divisor of o and u.
5
Suppose 0*o + 2*o = -44. Let z = -8 - o. Let w be (112/6)/(3/9). What is the greatest common factor of z and w?
14
Suppose 0 = -10*q + 13*q - 87. Suppose -26*i = -q*i + 720. What is the greatest common factor of i and 30?
30
Let c(g) = g + 10. Let h be c(-14). Let y be h/(-6) - (-530)/15. Calculate the greatest common factor of y and 90.
18
Suppose -34 = 5*v - 3*o - 179, -83 = -3*v + o. Let d = 17 - 23. Let q be 39/d*6/(-1). What is the greatest common divisor of q and v?
13
Let n(u) = 2*u**2 + 75*u + 45. Let l be n(-37). Let w = 2 - 0. What is the highest common factor of l and w?
2
Let j = 158 - 70. Calculate the greatest common divisor of 11 and j.
11
Let w be ((-418)/3)/((-2)/3). What is the greatest common divisor of 11 and w?
11
Suppose w = -w + 8. Suppose -w*p = -9 - 3. Let f(y) = -y**2 - 11*y + 11. Let u be f(-10). Calculate the greatest common divisor of p and u.
3
Let r be ((-8)/(-8))/((-4)/(-228)). What is the highest common divisor of 912 and r?
57
Suppose -4*n - g + 671 + 290 = 0, 3*n + 4*g - 724 = 0. What is the highest common factor of 6 and n?
6
Let c be (11 + (-294)/30)/(3/50). Calculate the greatest common divisor of c and 310.
10
Suppose -3*o + 5 + 97 = 0. Suppose v = 2*a - a - 14, 2*a + v = o. What is the highest common factor of a and 16?
16
Suppose 0*a = -2*a + 12. Suppose 720 = -5*x + 5*z, 2*z = a*x - x + 729. Let p = x + 251. What is the highest common divisor of p and 13?
13
Let u(i) = i + 48. Let s be u(-47). Calculate the greatest common factor of s and 113.
1
Let d = -15 - -24. Let k = 19 - d. Let t be (-4)/18 + 28/18*13. Calc